e
Is 1537 composite?
True
Is 12037 composite?
False
Is 137035 composite?
True
Is 85889 a prime number?
True
Is 217849 a composite number?
False
Is 717553 prime?
False
Is 1889 a composite number?
False
Is 29245 a prime number?
False
Is 13323 prime?
False
Is 556477 a prime number?
True
Is 149861 a prime number?
True
Is 733763 a prime number?
False
Is 347621 prime?
True
Is 41273 a prime number?
False
Is 1407143 a prime number?
True
Is 9197 prime?
False
Is 9305 composite?
True
Is 44053 a composite number?
False
Is 19613 a composite number?
True
Is 38821 prime?
True
Is 4717 a prime number?
False
Is 1755057 composite?
True
Is 160141 prime?
True
Is 225853 prime?
False
Is 200771 prime?
True
Is 454 prime?
False
Is 18926 a composite number?
True
Is 112087 composite?
False
Is 24749 prime?
True
Is 72139 a composite number?
False
Is 997877 a prime number?
True
Is 59687 a prime number?
False
Is 27137 composite?
True
Is 829151 a prime number?
True
Is 27785 composite?
True
Is 123643 prime?
False
Is 8819 a composite number?
False
Is 445579 a composite number?
True
Is 191 prime?
True
Is 26557 composite?
False
Is 319885 composite?
True
Is 84974 a prime number?
False
Is 29179 a composite number?
False
Is 1319 prime?
True
Is 1907 a composite number?
False
Is 1777 composite?
False
Is 545539 prime?
False
Is 298153 composite?
False
Is 59467 composite?
False
Is 559739 composite?
False
Is 59539 a composite number?
False
Is 119723 prime?
True
Is 587 a composite number?
False
Is 247 a prime number?
False
Is 11201 a prime number?
False
Is 14377 a prime number?
False
Is 8637 a prime number?
False
Is 33659 composite?
True
Is 2554 prime?
False
Is 44329 a prime number?
False
Is 1755803 a composite number?
True
Is 195521 a composite number?
True
Is 2237 a prime number?
True
Is 14143 a composite number?
False
Is 54989 prime?
False
Is 13147 a composite number?
False
Is 48731 a prime number?
True
Is 1663711 prime?
False
Is 2429 a prime number?
False
Is 462721 a composite number?
True
Is 17707 a composite number?
False
Is 12407 prime?
False
Is 7283 prime?
True
Is 1462367 a prime number?
True
Is 27623 prime?
False
Is 1903 composite?
True
Is 278 a prime number?
False
Is 7663 a prime number?
False
Is 8501 prime?
True
Is 1543 a composite number?
False
Is 6637 prime?
True
Is 1693 a prime number?
True
Is 21919 composite?
True
Is 327127 prime?
True
Is 12833 composite?
True
Is 366083 prime?
False
Is 51943 a composite number?
True
Is 66017 a composite number?
True
Is 37451 a prime number?
False
Is 828995 a prime number?
False
Is 11617 prime?
True
Is 1319777 prime?
True
Is 19473 a prime number?
False
Is 421273 composite?
False
Is 7989 composite?
True
Is 9661 a prime number?
True
Is 182579 a prime number?
True
Is 11981 a composite number?
False
Is 30883 prime?
False
Is 10559 composite?
False
Is 151617 a composite number?
True
Is 7523 composite?
False
Is 187 prime?
False
Is 2174 a prime number?
False
Is 171799 a composite number?
False
Is 500959 composite?
True
Is 15013 a composite number?
False
Is 306367 a prime number?
True
Is 1993 a composite number?
False
Is 126343 a prime number?
False
Is 42793 prime?
True
Is 575317 prime?
True
Is 128181 composite?
True
Is 86477 composite?
False
Is 2513905 composite?
True
Is 25279 a prime number?
False
Is 13613 a composite number?
False
Is 1675747 a composite number?
False
Is 3761 prime?
True
Is 51749 a composite number?
False
Is 8641 a prime number?
True
Is 545233 a composite number?
True
Is 91705 a prime number?
False
Is 353915 a prime number?
False
Is 1561 composite?
True
Is 62845 a composite number?
True
Is 121919 prime?
False
Is 165941 prime?
True
Is 115691 prime?
False
Is 1825247 a prime number?
False
Is 11159 a composite number?
False
Is 16917 a composite number?
True
Is 5099 a prime number?
True
Is 131305 prime?
False
Is 1062914 a prime number?
False
Is 1361 a composite number?
False
Is 58933 prime?
False
Is 205237 a prime number?
True
Is 26063 prime?
False
Is 7819 prime?
False
Is 12227 a composite number?
False
Is 189901 a composite number?
False
Is 73933 prime?
False
Is 19121 a prime number?
True
Is 8623 prime?
True
Is 1294561 a prime number?
True
Is 123001 a composite number?
False
Is 36109 a prime number?
True
Is 8609 composite?
False
Is 5923 a composite number?
False
Is 39581 a composite number?
False
Is 169561 a composite number?
True
Is 314 prime?
False
Is 23459 a composite number?
False
Is 236053 composite?
False
Is 5297 a composite number?
False
Is 1471 a prime number?
True
Is 42843 prime?
False
Is 180949 a prime number?
True
Is 117751 a prime number?
True
Is 196747 composite?
True
Is 26735 a prime number?
False
Is 1387571 prime?
True
Is 853 composite?
False
Is 1795483 a composite number?
False
Is 3979 composite?
True
Is 687767 composite?
False
Is 42043 a composite number?
False
Is 55997 a prime number?
True
Is 5981 prime?
True
Is 73417 prime?
True
Is 15499 a composite number?
True
Is 730447 prime?
True
Is 7067 composite?
True
Is 81887 composite?
True
Is 7985 composite?
True
Is 576787 composite?
False
Is 362693 a prime number?
True
Is 297533 a prime number?
True
Is 1940795 a composite number?
True
Is 224359 a prime number?
True
Is 2498 a composite number?
True
Is 236143 prime?
True
Is 78823 a composite number?
False
Is 10195 composite?
True
Is 828517 a prime number?
True
Is 237449 a composite number?
True
Is 1399 a prime number?
True
Is 374303 a prime number?
False
Is 10559 a prime number?
True
Is 5981 a prime number?
True
Is 77471 a composite number?
False
Is 4493 prime?
True
Is 60769 prime?
False
Is 1004101 a prime number?
False
Is 162349 prime?
False
Is 148499 a composite number?
True
Is 1293 composite?
True
Is 802519 composite?
True
Is 2231 prime?
False
Is 32953 prime?
False
Is 62365 composite?
True
Is 73977 a composite number?
True
Is 136997 prime?
False
Is 4111 a composite number?
False
Is 203707 composite?
True
Is 1528399 prime?
True
Is 4399 a prime number?
False
Is 75039 prime?
False
Is 319961 composite?
True
Is 115657 composite?
False
Is 2797637 prime?
True
Is 307 composite?
False
Is 98729 prime?
True
Is 1683949 composite?
False
Is 43889 a composite number?
False
Is 108401 composite?
False
Is 60181 a prime number?
False
Is 22861 a prime number?
True
Is 2513 a prime number?
False
Is 9643 composite?
False
Is 15091 a prime number?
True
Is 298021 prime?
True
Is 3602 composite?
True
Is 30289 prime?
False
Is 9577 a composite number?
True
Is 1657 a prime number?
True
Is 364891 prime?
True
Is 20627 a composite number?
False
Is 52231 a prime number?
False
Is 203789 prime?
True
Is 12601 a prime number?
True
Is 330145 a composite number?
True
Is 25481 a prime number?
False
Is 583921 prime?
False
Is 3653 a prime number?
False
Is 9941 a prime number?
True
Is 36965 a composite number?
True
Is 13535 a composite number?
True
Is 62359 a prime number?
False
Is 2503 a prime number?
True
Is 529877 composite?
True
Is 17473 prime?
False
Is 32933 a prime number?
True
Is 135241 a prime number?
True
Is 2409679 a composite number?
False
Is 955 a composite number?
True
Is 226741 a composite number?
False
Is 10183 a prime number?
False
Is 32839 a prime number?
True
Is 73081 composite?
True
Is 877 a prime number?
True
Is 631 a prime number?
True
Is 54737 prime?
False
Is 4783 composite?
False
Is 329863 composite?
False
Is 3299 composite?
False
Is 42373 a composite number?
False
Is 16397 prime?
False
Is 1361 a prime number?
True
Is 1582313 composite?
True
Is 7401 a prime number?
False
Is 24074 a composite number?
True
Is 214161 a composite number?
True
Is 142589 prime?
True
Is 203 a composite number?
True
Is 3049 composite?
False
Is 98603 a composite number?
True
Is 69205 a composite number?
True
Is 3137 prime?
True
Is 10361 a prime number?
False
Is 92519 a prime number?
False
Is 313189 a prime number?
False
Is 840197 a composite number?
False
Is 1306901 prime?
True
Is 481807 prime?
True
Is 264029 a prime number?
True
Is 62809 a prime number?
False
Is 163253 a composite number?
True
Is 14971 prime?
False
Is 2101 prime?
False
Is 19813 a composite number?
False
Is 3407 a composite number?
False
Is 9689 composite?
False
Is 953 a prime number?
True
Is 94961 a composite number?
False
Is 599551 a composite number?
False
Is 152797 a composite number?
True
Is 51